Calculate the remainder when q is divided by m.
25
Suppose 0 = -8*m + 4*m + 120. Let p(n) = n + 16. Calculate the remainder when m is divided by p(-5).
8
Let a(u) = -u**3 + 31*u**2 + 221*u + 90. Suppose 0 = -3*q + 24 - 6. Suppose q*f - 2*f = 56. Calculate the remainder when a(37) is divided by f.
11
Let j = -68 + 72. Calculate the remainder when 18 is divided by j.
2
Let j = -43 - -71. Let o be 3/6*2*5. Let w(t) = -t**2 + 4*t + 13. Calculate the remainder when j is divided by w(o).
4
Let h be (-9)/(-36) + (-187)/(-4). Let p = -42 + h. What is the remainder when 36 is divided by p?
1
Let u(j) = 9*j**3 + 1. Let a be 0 + (-4 + 4 - 0). Suppose 0 = h + 4*k - 22, a*h + 4*k = 2*h + 4. Calculate the remainder when u(1) is divided by h.
4
Let m be 12/(-10)*(-2480)/(-12) + 3. Let a = m - -360. Calculate the remainder when a is divided by 13.
11
Let g = -137 + 149. Calculate the remainder when 65 is divided by 285/g + 14/(-8) + 2.
17
Let b(p) = -3*p**2 - 8*p - 7. Suppose -3*i + 15 = -6*i. Let t be b(i). Let f = 72 + t. Calculate the remainder when f is divided by 11.
8
Suppose 3*b = -z - 0*b, 3*z + 3*b = 0. Suppose z = 3*f - f. Suppose f = -h + 5 + 27. What is the remainder when h is divided by 11?
10
Let z(t) = t**3 + 22*t**2 - t - 5. Calculate the remainder when 32 is divided by z(-22).
15
Let x(s) be the second derivative of s**5/20 + 5*s**4/3 - s**3/6 - 17*s**2/2 + 10*s. Calculate the remainder when 17 is divided by x(-20).
2
Let h = -10 - -10. Let f be h*(-1 + 0)/2. Suppose -x + 3*x - 38 = f. What is the remainder when x is divided by 11?
8
Suppose 5*g + g + 3240 = 0. Calculate the remainder when 298/4 + 3/(-6) is divided by 1 + 85/6 - (-90)/g.
14
Let x(y) = -5*y + 8. Let h be 12/(-20) - (-69)/15. Let g be x(h). Let r = -1 - g. Calculate the remainder when r is divided by 4.
3
Calculate the remainder when 2 + (-1 - -2) + 21 + 60 is divided by ((-58)/8)/((-3)/12).
26
Let p(b) = 5 - 3*b + 5 + 5*b**2 - 1 - 3*b**2. Let d be p(6). Suppose 2 = 2*o - 0*a - 5*a, 5*o = -2*a + d. What is the remainder when 43 is divided by o?
10
Suppose 0 = -4*u + 2*z + 2 + 6, -5*z - 20 = 0. Suppose l - 1 - 12 = u. What is the remainder when 36 is divided by l?
10
Let v be 8/(-3)*(7 - (-3 - -40)). Let u = 127 - v. Calculate the remainder when u is divided by 18.
11
Let n = -57 + 57. Let h(m) = 104*m**2 - m. What is the remainder when h(1) is divided by (-2)/((-1)/13 - n)?
25
Suppose 24 = 3*m + 11*v - 14*v, -2*m - 2*v + 12 = 0. Calculate the remainder when 34 is divided by m.
6
Suppose -8*k + 4*g = -9*k + 24, 3*k - 111 = g. Calculate the remainder when 176 is divided by k.
32
Let k be (-1)/2 + (-4)/(-8). Suppose -5*r + k*r + 25 = 0. Suppose -2*q + 3*t + 60 = 2*q, r*t = -20. Calculate the remainder when 33 is divided by q.
9
Let b(r) = 2*r**2 - 22*r - 2. What is the remainder when 57 is divided by b(-2)?
7
Let s(r) = -2*r**2 + 7*r - 5. Let i be s(4). Calculate the remainder when i/6 + 2 - (-831)/6 is divided by 35.
34
Suppose 200 = 24*k - 664. Suppose -5*t + 4*t - 1 = 0, 0 = 4*h + 4*t - 556. What is the remainder when h is divided by k?
32
Calculate the remainder when -3 - (-16 - (4 + -2)) is divided by (-6)/27 - 166/(-18).
6
Let q = 2 + 4. Let a = q + -5. Calculate the remainder when 12 is divided by a*3 + -7 + 9.
2
Calculate the remainder when 50 is divided by 10 - -2 - (-12)/12.
11
What is the remainder when ((-80)/14)/4*(-161)/1 is divided by 11?
10
Suppose 3*m + 3*a = 33, 4*m + 4 = 3*a + 13. Let p(k) = 20*k**2 - k - 1. Calculate the remainder when p(-1) is divided by m.
2
Let j(q) = q**2 + 4*q + 7. Let x be j(8). Suppose -d - 4*v + 9 + 4 = 0, -5*d = v - x. What is the remainder when d is divided by 12?
9
Suppose 2*m - 4*o = 8, -o - 1 = -3*m + 16. What is the remainder when 147 is divided by m?
3
Let r(a) = 3*a**2 - 5. What is the remainder when r(2) is divided by (-15)/12*(-16)/4?
2
Suppose 4*n - 2 - 18 = 0. Suppose n*w - 8 = -4*d + 5, d - 3 = -w. What is the remainder when -38*(-1 - w/(-2)) is divided by 11?
8
Let q(x) = -x**2 - 15*x + 5. Let d be q(-14). Suppose -221 = -5*k - 4*v, 5*v + d = -k + 80. What is the remainder when k is divided by 7?
6
Calculate the remainder when 37 is divided by 12/2 + -7 + 5 + 6.
7
Let c(y) = -2*y**3 + 11*y - 10. Calculate the remainder when c(-6) is divided by 17.
16
Let g be 21/28 - (-13)/4. Suppose 0 = 5*v + 5, 104 = 2*i + 2*i + g*v. What is the remainder when i is divided by 7?
6
Let c = -162 + 177. What is the remainder when 132 is divided by c?
12
Calculate the remainder when (65/25 - 7)*15/(-6) is divided by 2.
1
Let b = -1493 + 1504. What is the remainder when (-180)/(-27)*(-18)/(-4) is divided by b?
8
Suppose 0 = 6*r - 5*r + 6. Calculate the remainder when (252/(-30))/(r/20) is divided by 8.
4
Let k be (2/(-6))/(6/(-108)). Let h(j) = 2*j - 11. Let u be h(k). Suppose 5*n - 46 = -u. What is the remainder when 15 is divided by n?
6
Let c(g) = g**3 + g + 19. What is the remainder when 32 is divided by c(0)?
13
Suppose -92 = -18*z - 20. Calculate the remainder when 48 is divided by z.
0
Calculate the remainder when 158/6 - (-70)/105 is divided by 24.
3
Suppose 114*b - 111*b - 210 = 0. What is the remainder when b is divided by 33?
4
Let s = 11 + -4. Suppose f = 4*q - 117, 119 + 4 = 4*q + f. Let w = -3 + q. Calculate the remainder when w is divided by s.
6
What is the remainder when 7 + (1 - (-4 + -4)) is divided by 1 + (1 - -2 - 0)?
0
Let q = -55 + 63. Calculate the remainder when (12 - 5 - 5) + (1 - -17) is divided by q.
4
What is the remainder when 34 is divided by (640/56)/(-16)*-14?
4
What is the remainder when -9 + 221/26 + (-195)/(-2) is divided by 49?
48
Suppose 28 + 50 = 6*s. Let x(a) = -2*a - 9. Let z be x(-6). Suppose 200 = 4*q + 5*m, -3*q = -2*m + z*m - 150. What is the remainder when q is divided by s?
11
Suppose -38*v - 43*v + 64314 = 0. What is the remainder when v is divided by 19?
15
Let p = -27 + 48. Let l(t) = t**3 + 15*t**2 + 13*t + 47. What is the remainder when l(-14) is divided by p?
19
Let p = 1912 - 1829. What is the remainder when p is divided by 7?
6
What is the remainder when (24 + -11 - 10)/((-1)/(-52)) is divided by 32?
28
Let v be ((-5)/20)/(3/(-36)). Suppose 2*b = -3*g + 67 - 16, -47 = -2*g + v*b. Let t = 133 + -80. Calculate the remainder when t is divided by g.
15
Suppose 20*d = 17*d + 15. What is the remainder when (-2 - (-402)/d) + (-12)/(-20) is divided by ((-2)/4)/((-1)/32)?
15
Let l = -1772 - -1814. Calculate the remainder when l is divided by 9.
6
Let k = 106 + -97. Suppose 29 = b + 5. Calculate the remainder when b is divided by k.
6
Suppose 0 = 16*j - 199 - 121. Calculate the remainder when (j/4)/5*63 is divided by 22.
19
Let d = -391 - -411. Calculate the remainder when 48 is divided by d.
8
Suppose 4*j + 161 - 177 = 0. What is the remainder when 6 is divided by j?
2
Suppose -282 = -367*w + 361*w. What is the remainder when 232 is divided by w?
44
Let l = -262 + 304. What is the remainder when 65 is divided by l?
23
Calculate the remainder when (2/(-8))/(53/(-13568)) is divided by 35.
29
Let g = 858 + -834. What is the remainder when 692 is divided by g?
20
Suppose -17*w = -1130 - 2304. Calculate the remainder when w is divided by 66.
4
Suppose 3*z = z + 118. Suppose -65 = -3*g + 5*c, -13*g + 12*g = c - 11. Calculate the remainder when z is divided by g.
14
Let o = -8 - -10. Suppose 0 = 2*u + o*v - 64, v - 39 = -2*u + 25. Calculate the remainder when u is divided by 10.
2
Suppose -60 = 2*o - 3*o. Let z(w) = -w**3 - 21*w**2 - 54*w + 21. Calculate the remainder when o is divided by z(-18).
18
Let p = -788 + 797. Calculate the remainder when 78/(((-3)/2)/(-1)) is divided by p.
7
Let o = -60 + 43. Let i = o - -29. Suppose -16*j = -i*j - 172. Calculate the remainder when j is divided by 11.
10
Let x = 82 - 68. Suppose 3*k = 2*t + 9, 2*k - 5*k + t = -12. Calculate the remainder when (-4)/(-10) + 193/k is divided by x.
11
What is the remainder when (261/(-51) - -5) + (-14460)/(-85) is divided by 36?
26
Let f be (-2)/12 + (-31)/(-6). Suppose 5*d - 13 = -f*h + 12, 29 = 3*h - 4*d. What is the remainder when h is divided by 5?
2
Let d(r) = 2*r**2 - 17*r + 40. Calculate the remainder when d(8) is divided by 9.
5
Let v = 65 + -52. What is the remainder when 67 is divided by v?
2
Suppose -4*n - z + 122 =